{"id":2,"date":"2021-05-08T09:58:27","date_gmt":"2021-05-08T07:58:27","guid":{"rendered":"http:\/\/dcc.d-pof.be\/?page_id=2"},"modified":"2024-05-07T00:28:42","modified_gmt":"2024-05-06T22:28:42","slug":"page-d-exemple","status":"publish","type":"page","link":"https:\/\/dcc.d-pof.be\/","title":{"rendered":"ASBL &#8211; Dinant Classic Club (DCC)"},"content":{"rendered":"\n<p>Cr\u00e9\u00e9 le 9 novembre 1998 de la passion commune de la voiture ancienne, le DCC vit par l&rsquo;amiti\u00e9, l\u2019esprit d\u2019entraide et la convivialit\u00e9.<\/p>\n\n\n\n<p>Il se veut multimarques et assez \u00e9clectique.  Le DCC organise des rallyes de tous types, des voyages, des sorties circuit, des cours de m\u00e9canique, etc\u2026<\/p>\n\n\n\n<p>Le club participe \u00e9galement \u00e0 des balades et rallyes en tout genre, dans notre r\u00e9gion et \u00e0 travers toute l&rsquo;Europe.<\/p>\n\n\n\n<p>Le DCC met \u00e0 disposition de ses affili\u00e9s un atelier \u00e9quip\u00e9, des emplacements de garage et un club house pour se d\u00e9tendre o\u00f9 les membres se r\u00e9unissent chaque dernier lundi du mois.<\/p>\n","protected":false},"excerpt":{"rendered":"<p>Cr\u00e9\u00e9 le 9 novembre 1998 de la passion commune de la voiture ancienne, le DCC vit par l&rsquo;amiti\u00e9, l\u2019esprit d\u2019entraide et la convivialit\u00e9. Il se veut multimarques et assez \u00e9clectique. Le DCC organise des rallyes de tous types, des voyages, des sorties circuit, des cours de m\u00e9canique, etc\u2026 Le club participe \u00e9galement \u00e0 des balades&#8230;<\/p>\n","protected":false},"author":1,"featured_media":0,"parent":0,"menu_order":0,"comment_status":"closed","ping_status":"open","template":"","meta":{"_kad_post_transparent":"","_kad_post_title":"","_kad_post_layout":"","_kad_post_sidebar_id":"","_kad_post_content_style":"","_kad_post_vertical_padding":"","_kad_post_feature":"","_kad_post_feature_position":"","_kad_post_header":false,"_kad_post_footer":false,"footnotes":""},"_links":{"self":[{"href":"https:\/\/dcc.d-pof.be\/index.php\/wp-json\/wp\/v2\/pages\/2"}],"collection":[{"href":"https:\/\/dcc.d-pof.be\/index.php\/wp-json\/wp\/v2\/pages"}],"about":[{"href":"https:\/\/dcc.d-pof.be\/index.php\/wp-json\/wp\/v2\/types\/page"}],"author":[{"embeddable":true,"href":"https:\/\/dcc.d-pof.be\/index.php\/wp-json\/wp\/v2\/users\/1"}],"replies":[{"embeddable":true,"href":"https:\/\/dcc.d-pof.be\/index.php\/wp-json\/wp\/v2\/comments?post=2"}],"version-history":[{"count":6,"href":"https:\/\/dcc.d-pof.be\/index.php\/wp-json\/wp\/v2\/pages\/2\/revisions"}],"predecessor-version":[{"id":200,"href":"https:\/\/dcc.d-pof.be\/index.php\/wp-json\/wp\/v2\/pages\/2\/revisions\/200"}],"wp:attachment":[{"href":"https:\/\/dcc.d-pof.be\/index.php\/wp-json\/wp\/v2\/media?parent=2"}],"curies":[{"name":"wp","href":"https:\/\/api.w.org\/{rel}","templated":true}]}}